{"id":11383,"date":"2024-01-25T19:17:31","date_gmt":"2024-01-25T18:17:31","guid":{"rendered":"https:\/\/malware2.dev.sebascodes.net\/?page_id=11383"},"modified":"2026-01-29T16:01:43","modified_gmt":"2026-01-29T15:01:43","slug":"vpd-3","status":"publish","type":"page","link":"https:\/\/malware2.dev.sebascodes.net\/?page_id=11383","title":{"rendered":"Intensivo: Vocaci\u00f3n Profesi\u00f3n y Dinero"},"content":{"rendered":"\n<h3 class=\"wp-block-heading\"><mark style=\"background-color:rgba(0, 0, 0, 0)\" class=\"has-inline-color has-luminous-vivid-orange-color\">Inscripciones Abiertas &#8211; Plazas limitadas.<\/mark><\/h3>\n\n\n\n<h3 class=\"wp-block-heading\"><mark style=\"background-color:rgba(0, 0, 0, 0)\" class=\"has-inline-color has-luminous-vivid-orange-color\">20\u00aa Edici\u00f3n.<\/mark><mark style=\"background-color:rgba(0, 0, 0, 0)\" class=\"has-inline-color has-vivid-cyan-blue-color\"> <\/mark><mark style=\"background-color:rgba(0, 0, 0, 0);color:#1777af\" class=\"has-inline-color\"><strong>Programa intensivo donde transformar tu relaci\u00f3n con el Dinero, la Vocaci\u00f3n, la Profesi\u00f3n y el Talento.<\/strong> <strong>Herramientas Sist\u00e9micas para el \u00e1rea Profesional, vocacional y de Negocios con Joan Corbal\u00e1n.<\/strong><\/mark><\/h3>\n\n\n\n<ul class=\"wp-block-list\">\n<li>Edici\u00f3n <strong>Presencial<\/strong> 17,18, 19 de <strong>julio,<\/strong> Barcelona.<\/li>\n\n\n\n<li><mark style=\"background-color:rgba(0, 0, 0, 0)\" class=\"has-inline-color has-luminous-vivid-orange-color\"><strong>+ 40 horas formativas. <\/strong><\/mark>De 10h a 14h de 15.30h a 19:30h<\/li>\n<\/ul>\n\n\n\n<p>Est\u00e1 pensado para ti que te encuentras en un momento de reinvenci\u00f3n personal&nbsp;<strong>en tus aspectos, profesionales, vocacionales y de relaci\u00f3n con el dinero<\/strong>. Como te has manejado hasta ahora ya no te es suficiente, \u00fatil, satisfactorio.&nbsp;<strong>Necesitas un nuevo v\u00ednculo<\/strong>&nbsp;con estos elementos tan importantes de la vida.&nbsp;<\/p>\n\n\n\n<div class=\"wp-block-buttons is-layout-flex wp-block-buttons-is-layout-flex\">\n<div class=\"wp-block-button\"><a class=\"wp-block-button__link wp-element-button\" href=\"https:\/\/forms.gle\/sAGyaHBEiHtTA6C1A\"><mark style=\"background-color:rgba(0, 0, 0, 0)\" class=\"has-inline-color has-white-color\">M\u00e1s Informaci\u00f3n &#8211; MasterClass Gratuita<\/mark><\/a><\/div>\n\n\n\n<div class=\"wp-block-button\"><a class=\"wp-block-button__link wp-element-button\" href=\"https:\/\/forms.gle\/6SL1rYQUagiDNqo56\">Inscribirme<\/a><\/div>\n<\/div>\n\n\n\n<div style=\"height:59px\" aria-hidden=\"true\" class=\"wp-block-spacer\"><\/div>\n\n\n\n<h2 class=\"wp-block-heading\"><strong>\u00a1Hola! Soy Joan Corbal\u00e1n<\/strong><\/h2>\n\n\n\n<iframe loading=\"lazy\" width=\"560\" height=\"315\" src=\"https:\/\/www.youtube.com\/embed\/RScZLuY2iOs?si=ILKGnFSY2vWs6fjZ&amp;start=2\" title=\"YouTube video player\" frameborder=\"0\" allow=\"accelerometer; autoplay; clipboard-write; encrypted-media; gyroscope; picture-in-picture; web-share\" allowfullscreen><\/iframe>\n\n\n\n<p>Soy empresario, formador, consultor y coach de Empresas y personas. He dedicado los \u00faltimos 30 a\u00f1os de mi vida&nbsp;a acompa\u00f1ar a personas y Organizaciones en el tr\u00e1nsito profesional\/vocacional como consultor y formador. Trabajo, adem\u00e1s, como terapeuta de personas, parejas y familias. Soy director y formador internacional de Constelaciones Familiares y Organizacionales en Barcelona, Chile, Estonia..<\/p>\n\n\n\n<h3 class=\"wp-block-heading\"><strong><mark style=\"background-color:rgba(0, 0, 0, 0);color:#1777af\" class=\"has-inline-color\">\u201cDesarrolla, desbloquea y transforma tus frenos y asuntos claves&nbsp;relacionados con la vocaci\u00f3n y la profesi\u00f3n,&nbsp;y el dinero.\u201d<\/mark><\/strong><\/h3>\n\n\n\n<h2 class=\"wp-block-heading\">\ud83d\udc49<strong>\u00bfQu\u00e9 tiene de especial esta formaci\u00f3n?<\/strong><\/h2>\n\n\n\n<ul class=\"wp-block-list\">\n<li>Una formaci\u00f3n \u00fanica:&nbsp;<strong>vivencial <\/strong>y transformadora. <mark style=\"background-color:rgba(0, 0, 0, 0)\" class=\"has-inline-color has-vivid-cyan-blue-color\">Dise\u00f1ada de manera exclusiva por&nbsp;Joan Corbal\u00e1n.<\/mark><\/li>\n\n\n\n<li><strong>Descubre y desbloquea tus creencias y limitaciones relacionadas con el trabajo, dinero, talento&#8230;<\/strong><\/li>\n\n\n\n<li><mark style=\"background-color:rgba(0, 0, 0, 0)\" class=\"has-inline-color has-luminous-vivid-orange-color\"><strong>100&#215;100 pr\u00e1ctica: vamos a buscar juntos qu\u00e9 es lo que quieres transformar.<\/strong><\/mark><\/li>\n\n\n\n<li>Mentor\u00eda grupal con Joan Corbal\u00e1n.<\/li>\n\n\n\n<li><strong>Desarrolla y trabaja con tu Genograma familiar y Profesional.<\/strong><\/li>\n\n\n\n<li><mark style=\"background-color:rgba(0, 0, 0, 0)\" class=\"has-inline-color has-vivid-cyan-blue-color\"><strong>Trabajar con las Constelaciones Profesionales y Organizacionales.<\/strong><\/mark><\/li>\n\n\n\n<li>Trabajaremos la consciencia del fracaso y el \u00e9xito: el tr\u00e1nsito.<\/li>\n\n\n\n<li><strong>La mirada sist\u00e9mica en el \u00e1rea profesional y las empresas.<\/strong><\/li>\n\n\n\n<li><mark style=\"background-color:rgba(0, 0, 0, 0)\" class=\"has-inline-color has-vivid-cyan-blue-color\"><strong>Detecta dificultades en tu liderazgo o en tu relaci\u00f3n de equipo.<\/strong><\/mark><\/li>\n\n\n\n<li><strong>Exploraci\u00f3n y elecci\u00f3n de nuevas direcciones y decisiones.<\/strong><\/li>\n\n\n\n<li><mark style=\"background-color:rgba(0, 0, 0, 0)\" class=\"has-inline-color has-luminous-vivid-orange-color\"><strong>Nuevos proyectos: qu\u00e9 necesita tu proyecto.<\/strong><\/mark><\/li>\n\n\n\n<li><mark style=\"background-color:rgba(0, 0, 0, 0)\" class=\"has-inline-color has-vivid-cyan-blue-color\"><strong>Trabaja tu Autoliderazgo y direcci\u00f3n.<\/strong><\/mark><\/li>\n\n\n\n<li>Impulsa y gestiona tu talento.<\/li>\n\n\n\n<li><strong>El vaci\u00f3 f\u00e9rtil: creatividad y vida. Nuevos comienzos.<\/strong><\/li>\n\n\n\n<li>C\u00f3mo cerrar bien un final de Etapa profesional.<\/li>\n\n\n\n<li><strong>Desarrollar un plan de acci\u00f3n y transformaci\u00f3n que sea \u00fatil y real para tu vida.<\/strong><\/li>\n\n\n\n<li><strong>+De por vida:<\/strong>&nbsp;Invitaci\u00f3n a participar en nuestros talleres de constelaciones.<\/li>\n\n\n\n<li><strong>+De por vida:<\/strong>&nbsp;Acceso a todo el contenido online en nuestro campus.<\/li>\n<\/ul>\n\n\n\n<h2 class=\"wp-block-heading\">\ud83d\udc49 \u00bfEste intensivo es para m\u00ed?<\/h2>\n\n\n\n<ul class=\"wp-block-list\">\n<li>\u00bfTienes asuntos relacionados con la profesi\u00f3n, el trabajo, el dinero o la vocaci\u00f3n y el talento?<\/li>\n\n\n\n<li><strong>\u00bfTe sientes agotado\/desanimado en tu \u00e1rea profesional?<\/strong><\/li>\n\n\n\n<li><strong><mark style=\"background-color:rgba(0, 0, 0, 0)\" class=\"has-inline-color has-luminous-vivid-orange-color\">\u00bfTienes dificultades con el dinero?<\/mark><\/strong><\/li>\n\n\n\n<li>\u00bfTrabajas demasiado?<\/li>\n\n\n\n<li>\u00bfTienes dificultades con tus compa\u00f1eros o superiores?<\/li>\n\n\n\n<li><mark style=\"background-color:rgba(0, 0, 0, 0)\" class=\"has-inline-color has-vivid-cyan-blue-color\"><strong>\u00bfTe planteas cambiar de Trabajo o tomarte un tiempo sab\u00e1tico?<\/strong><\/mark><\/li>\n\n\n\n<li><strong>\u00bfQuieres encontrar el equilibro entre tu trabajo y tu vida personal?<\/strong><\/li>\n\n\n\n<li>\u00bfQuieres ver nuevos caminos de negocio para tu proyecto?<\/li>\n\n\n\n<li><mark style=\"background-color:rgba(0, 0, 0, 0)\" class=\"has-inline-color has-luminous-vivid-orange-color\"><strong>\u00bfEres directivo, o empresario, y quieres trabajar tu autoliderazgo?<\/strong><\/mark><\/li>\n\n\n\n<li>\u00bfQuieres arrancar o transformar tu proyecto\/negocio?<\/li>\n\n\n\n<li>\u00bfQuieres encontrar tu vocaci\u00f3n o transformarla en una profesi\u00f3n que d\u00e9 dinero?<\/li>\n\n\n\n<li>\u00bfTe cuesta encontrar trabajo o mantenerlo? <\/li>\n\n\n\n<li><strong>\u00bfHas dejado un trabajo y empiezas un \u00abtu a\u00f1o sab\u00e1tico\u00bb?<\/strong><\/li>\n\n\n\n<li>\u00bfTe est\u00e1s planteando\/has dejado un trabajo&#8230;y ahora: qu\u00e9 es lo siguiente?<\/li>\n<\/ul>\n\n\n\n<h2 class=\"wp-block-heading\">\ud83d\udc49<strong>Herramientas clave<\/strong><\/h2>\n\n\n\n<ul class=\"wp-block-list\">\n<li>Desarrollo de la Mirada Sist\u00e9mica.<\/li>\n\n\n\n<li>Coaching Experimental Sist\u00e9mico.&nbsp; *Exclusivo&nbsp;<a href=\"https:\/\/joancorbalan.us17.list-manage.com\/track\/click?u=d557d18ae422783436206f48c&amp;id=c9c46199bf&amp;e=0d88cdc8d6\" target=\"_blank\" rel=\"noreferrer noopener\">Joan Corbal\u00e1n.<\/a><\/li>\n\n\n\n<li><strong>Constelaciones Familiares, Profesionales y Organizacionales<\/strong>.&nbsp;<\/li>\n\n\n\n<li><mark style=\"background-color:rgba(0, 0, 0, 0)\" class=\"has-inline-color has-vivid-cyan-blue-color\"><strong>Trabajo con el Genograma Familiar y Profesional.<\/strong><\/mark><\/li>\n\n\n\n<li><strong><mark style=\"background-color:rgba(0, 0, 0, 0)\" class=\"has-inline-color has-luminous-vivid-orange-color\">Eneagrama y Car\u00e1cter.<\/mark><\/strong><\/li>\n\n\n\n<li>Gestalt y PNL.<\/li>\n\n\n\n<li>Meditaci\u00f3n Vipassana y Mindfulness personal.<\/li>\n\n\n\n<li>Movimiento Corporal.*<\/li>\n<\/ul>\n\n\n\n<h2 class=\"wp-block-heading\">\ud83d\udc49<strong>&nbsp;Detalles <\/strong>Formato Presencial<\/h2>\n\n\n\n<ul class=\"wp-block-list\">\n<li>Intensivo de 3 d\u00edas completos de 10h a 20h.<\/li>\n\n\n\n<li>17, 18 y 19 de julio<\/li>\n\n\n\n<li><strong>Formato Presencial en Barcelona<\/strong><\/li>\n\n\n\n<li>Precios y Detalles: \n<ul class=\"wp-block-list\">\n<li>primeros 10 inscritos 299\u20ac (3 cuotas de 99\u20ac)<\/li>\n\n\n\n<li>Resto sin promoci\u00f3n 299\u20ac + 90\u20ac de matr\u00edcula.<\/li>\n<\/ul>\n<\/li>\n\n\n\n<li>rellenar nuestro formulario de informaci\u00f3n<\/li>\n<\/ul>\n\n\n\n<p><\/p>\n\n\n\n<div class=\"wp-block-buttons is-layout-flex wp-block-buttons-is-layout-flex\">\n<div class=\"wp-block-button\"><a class=\"wp-block-button__link wp-element-button\" href=\"https:\/\/forms.gle\/sAGyaHBEiHtTA6C1A\"><mark style=\"background-color:rgba(0, 0, 0, 0)\" class=\"has-inline-color has-white-color\"><mark style=\"background-color:rgba(0, 0, 0, 0)\" class=\"has-inline-color has-white-color\">M\u00e1s Informaci\u00f3n &#8211; MasterClass Gratuita<\/mark><\/mark><\/a><\/div>\n\n\n\n<div class=\"wp-block-button\"><a class=\"wp-block-button__link wp-element-button\" href=\"https:\/\/forms.gle\/6SL1rYQUagiDNqo56\"><mark style=\"background-color:rgba(0, 0, 0, 0)\" class=\"has-inline-color has-white-color\">Inscribirme<\/mark><\/a><\/div>\n<\/div>\n\n\n\n<div style=\"height:40px\" aria-hidden=\"true\" class=\"wp-block-spacer\"><\/div>\n\n\n\n<h2 class=\"wp-block-heading\">\ud83d\udc49 \u00bfQu\u00e9 dicen nuestros alumnos?<\/h2>\n\n\n\n[trustindex no-registration=google]\n\n\n\n<h2 class=\"wp-block-heading\">\ud83d\udc49 Algunos de nuestros trabajos con empresas o universidades<\/h2>\n\n\n\n<figure class=\"wp-block-image size-full\"><img loading=\"lazy\" decoding=\"async\" width=\"921\" height=\"423\" src=\"https:\/\/malware2.dev.sebascodes.net\/wp-content\/uploads\/2024\/04\/Colaboradores.png\" alt=\"\" class=\"wp-image-12910\" srcset=\"https:\/\/malware2.dev.sebascodes.net\/wp-content\/uploads\/2024\/04\/Colaboradores.png 921w, https:\/\/malware2.dev.sebascodes.net\/wp-content\/uploads\/2024\/04\/Colaboradores-300x138.png 300w, https:\/\/malware2.dev.sebascodes.net\/wp-content\/uploads\/2024\/04\/Colaboradores-768x353.png 768w, https:\/\/malware2.dev.sebascodes.net\/wp-content\/uploads\/2024\/04\/Colaboradores-624x287.png 624w, https:\/\/malware2.dev.sebascodes.net\/wp-content\/uploads\/2024\/04\/Colaboradores-600x276.png 600w\" sizes=\"(max-width: 921px) 100vw, 921px\" \/><\/figure>\n\n\n\n<div class=\"wp-block-buttons is-layout-flex wp-block-buttons-is-layout-flex\">\n<div class=\"wp-block-button\"><a class=\"wp-block-button__link wp-element-button\" href=\"https:\/\/forms.gle\/sAGyaHBEiHtTA6C1A\">M\u00e1s Informaci\u00f3n<\/a><\/div>\n\n\n\n<div class=\"wp-block-button\"><a class=\"wp-block-button__link wp-element-button\" href=\"https:\/\/forms.gle\/6SL1rYQUagiDNqo56\">Inscribirme<\/a><\/div>\n<\/div>\n\n\n\n<div style=\"height:32px\" aria-hidden=\"true\" class=\"wp-block-spacer\"><\/div>\n","protected":false},"excerpt":{"rendered":"<p>Inscripciones Abiertas &#8211; Plazas limitadas. 20\u00aa Edici\u00f3n. Programa intensivo donde transformar tu relaci\u00f3n con el Dinero, la Vocaci\u00f3n, la Profesi\u00f3n y el Talento. Herramientas Sist\u00e9micas&hellip;<\/p>\n","protected":false},"author":1,"featured_media":0,"parent":0,"menu_order":0,"comment_status":"closed","ping_status":"closed","template":"","meta":{"_et_pb_use_builder":"off","_et_pb_old_content":"","_et_gb_content_width":"","footnotes":""},"class_list":["post-11383","page","type-page","status-publish","hentry"],"_links":{"self":[{"href":"https:\/\/malware2.dev.sebascodes.net\/index.php?rest_route=\/wp\/v2\/pages\/11383","targetHints":{"allow":["GET"]}}],"collection":[{"href":"https:\/\/malware2.dev.sebascodes.net\/index.php?rest_route=\/wp\/v2\/pages"}],"about":[{"href":"https:\/\/malware2.dev.sebascodes.net\/index.php?rest_route=\/wp\/v2\/types\/page"}],"author":[{"embeddable":true,"href":"https:\/\/malware2.dev.sebascodes.net\/index.php?rest_route=\/wp\/v2\/users\/1"}],"replies":[{"embeddable":true,"href":"https:\/\/malware2.dev.sebascodes.net\/index.php?rest_route=%2Fwp%2Fv2%2Fcomments&post=11383"}],"version-history":[{"count":63,"href":"https:\/\/malware2.dev.sebascodes.net\/index.php?rest_route=\/wp\/v2\/pages\/11383\/revisions"}],"predecessor-version":[{"id":16684,"href":"https:\/\/malware2.dev.sebascodes.net\/index.php?rest_route=\/wp\/v2\/pages\/11383\/revisions\/16684"}],"wp:attachment":[{"href":"https:\/\/malware2.dev.sebascodes.net\/index.php?rest_route=%2Fwp%2Fv2%2Fmedia&parent=11383"}],"curies":[{"name":"wp","href":"https:\/\/api.w.org\/{rel}","templated":true}]}}